Dec 02 00:42:55.732 INFO testing andreaseg/rcalc against master#8940af3cea4a9a9deabcaf843b2f8cad9a83fc61 for beta-1.31-5
Dec 02 00:42:55.732 INFO running `"docker" "create" "-v" "/mnt/big/crater/work/local/target-dirs/beta-1.31-5/worker-2/master#8940af3cea4a9a9deabcaf843b2f8cad9a83fc61:/target:rw,Z" "-v" "/mnt/big/crater/work/local/test-source/worker-2/beta-1.31-5/master#8940af3cea4a9a9deabcaf843b2f8cad9a83fc61:/source:ro,Z" "-v" "/mnt/big/crater/work/local/cargo-home:/cargo-home:ro,Z" "-v" "/mnt/big/crater/work/local/rustup-home:/rustup-home:ro,Z" "-e" "USER_ID=1000" "-e" "SOURCE_DIR=/source" "-e" "USER_ID=1000" "-e" "CMD=cargo +8940af3cea4a9a9deabcaf843b2f8cad9a83fc61-alt build --frozen" "-e" "CARGO_TARGET_DIR=/target" "-e" "CARGO_INCREMENTAL=0" "-e" "RUST_BACKTRACE=full" "-e" "RUSTFLAGS=--cap-lints=warn" "-e" "CARGO_HOME=/cargo-home" "-e" "RUSTUP_HOME=/rustup-home" "-m" "1536M" "--network" "none" "crater"`
Dec 02 00:42:56.330 INFO [stdout] 50d5f8b25cbed4dfd3e7cd45f74e13d14215f513fcc3a0df62c75a5bd4e06cfe
Dec 02 00:42:56.333 INFO running `"docker" "start" "-a" "50d5f8b25cbed4dfd3e7cd45f74e13d14215f513fcc3a0df62c75a5bd4e06cfe"`
Dec 02 00:42:57.490 INFO [stderr] usermod: no changes
Dec 02 00:42:57.627 INFO [stderr]    Compiling libc v0.2.41
Dec 02 00:42:59.563 INFO [stderr]    Compiling memchr v2.0.1
Dec 02 00:43:00.379 INFO [stderr]    Compiling aho-corasick v0.6.4
Dec 02 00:43:01.803 INFO [stderr]    Compiling regex v0.2.11
Dec 02 00:43:12.736 INFO [stderr]    Compiling rcalc v0.1.0 (/source)
Dec 02 00:43:15.428 INFO [stderr]     Finished dev [unoptimized + debuginfo] target(s) in 17.91s
Dec 02 00:43:15.431 INFO [stderr] su: No module specific data is present
Dec 02 00:43:16.656 INFO running `"docker" "inspect" "50d5f8b25cbed4dfd3e7cd45f74e13d14215f513fcc3a0df62c75a5bd4e06cfe"`
Dec 02 00:43:17.101 INFO running `"docker" "rm" "-f" "50d5f8b25cbed4dfd3e7cd45f74e13d14215f513fcc3a0df62c75a5bd4e06cfe"`
Dec 02 00:43:17.447 INFO [stdout] 50d5f8b25cbed4dfd3e7cd45f74e13d14215f513fcc3a0df62c75a5bd4e06cfe
Dec 02 00:43:17.455 INFO running `"docker" "create" "-v" "/mnt/big/crater/work/local/target-dirs/beta-1.31-5/worker-2/master#8940af3cea4a9a9deabcaf843b2f8cad9a83fc61:/target:rw,Z" "-v" "/mnt/big/crater/work/local/test-source/worker-2/beta-1.31-5/master#8940af3cea4a9a9deabcaf843b2f8cad9a83fc61:/source:ro,Z" "-v" "/mnt/big/crater/work/local/cargo-home:/cargo-home:ro,Z" "-v" "/mnt/big/crater/work/local/rustup-home:/rustup-home:ro,Z" "-e" "USER_ID=1000" "-e" "SOURCE_DIR=/source" "-e" "USER_ID=1000" "-e" "CMD=cargo +8940af3cea4a9a9deabcaf843b2f8cad9a83fc61-alt test --frozen --no-run" "-e" "CARGO_TARGET_DIR=/target" "-e" "CARGO_INCREMENTAL=0" "-e" "RUST_BACKTRACE=full" "-e" "RUSTFLAGS=--cap-lints=warn" "-e" "CARGO_HOME=/cargo-home" "-e" "RUSTUP_HOME=/rustup-home" "-m" "1536M" "--network" "none" "crater"`
Dec 02 00:43:17.927 INFO [stdout] 8c3a073802727636ae9071966c9bb5e4f04181011e954c9ba0af7f51a0e65999
Dec 02 00:43:17.929 INFO running `"docker" "start" "-a" "8c3a073802727636ae9071966c9bb5e4f04181011e954c9ba0af7f51a0e65999"`
Dec 02 00:43:19.167 INFO [stderr] usermod: no changes
Dec 02 00:43:19.347 INFO [stderr]    Compiling rcalc v0.1.0 (/source)
Dec 02 00:43:20.439 INFO [stderr] error[E0308]: mismatched types
Dec 02 00:43:20.439 INFO [stderr]    --> src/parser.rs:221:39
Dec 02 00:43:20.439 INFO [stderr]     |
Dec 02 00:43:20.439 INFO [stderr] 221 |             parse(::scanner::tokenize("1 + 2".to_string())),
Dec 02 00:43:20.439 INFO [stderr]     |                                       ^^^^^^^^^^^^^^^^^^^
Dec 02 00:43:20.439 INFO [stderr]     |                                       |
Dec 02 00:43:20.439 INFO [stderr]     |                                       expected &str, found struct `std::string::String`
Dec 02 00:43:20.439 INFO [stderr]     |                                       help: consider borrowing here: `&"1 + 2".to_string()`
Dec 02 00:43:20.439 INFO [stderr]     |
Dec 02 00:43:20.439 INFO [stderr]     = note: expected type `&str`
Dec 02 00:43:20.439 INFO [stderr]                found type `std::string::String`
Dec 02 00:43:20.439 INFO [stderr] 
Dec 02 00:43:20.455 INFO [stderr] error[E0308]: mismatched types
Dec 02 00:43:20.455 INFO [stderr]    --> src/parser.rs:229:39
Dec 02 00:43:20.455 INFO [stderr]     |
Dec 02 00:43:20.455 INFO [stderr] 229 |             parse(::scanner::tokenize("1 * 2".to_string())),
Dec 02 00:43:20.455 INFO [stderr]     |                                       ^^^^^^^^^^^^^^^^^^^
Dec 02 00:43:20.455 INFO [stderr]     |                                       |
Dec 02 00:43:20.455 INFO [stderr]     |                                       expected &str, found struct `std::string::String`
Dec 02 00:43:20.455 INFO [stderr]     |                                       help: consider borrowing here: `&"1 * 2".to_string()`
Dec 02 00:43:20.455 INFO [stderr]     |
Dec 02 00:43:20.455 INFO [stderr]     = note: expected type `&str`
Dec 02 00:43:20.455 INFO [stderr]                found type `std::string::String`
Dec 02 00:43:20.455 INFO [stderr] 
Dec 02 00:43:20.455 INFO [stderr] error[E0308]: mismatched types
Dec 02 00:43:20.455 INFO [stderr]    --> src/parser.rs:237:39
Dec 02 00:43:20.455 INFO [stderr]     |
Dec 02 00:43:20.455 INFO [stderr] 237 |             parse(::scanner::tokenize("1 / 2".to_string())),
Dec 02 00:43:20.455 INFO [stderr]     |                                       ^^^^^^^^^^^^^^^^^^^
Dec 02 00:43:20.455 INFO [stderr]     |                                       |
Dec 02 00:43:20.455 INFO [stderr]     |                                       expected &str, found struct `std::string::String`
Dec 02 00:43:20.455 INFO [stderr]     |                                       help: consider borrowing here: `&"1 / 2".to_string()`
Dec 02 00:43:20.455 INFO [stderr]     |
Dec 02 00:43:20.455 INFO [stderr]     = note: expected type `&str`
Dec 02 00:43:20.455 INFO [stderr]                found type `std::string::String`
Dec 02 00:43:20.455 INFO [stderr] 
Dec 02 00:43:20.455 INFO [stderr] error[E0308]: mismatched types
Dec 02 00:43:20.455 INFO [stderr]    --> src/parser.rs:245:39
Dec 02 00:43:20.455 INFO [stderr]     |
Dec 02 00:43:20.455 INFO [stderr] 245 |             parse(::scanner::tokenize("1 - 2".to_string())),
Dec 02 00:43:20.455 INFO [stderr]     |                                       ^^^^^^^^^^^^^^^^^^^
Dec 02 00:43:20.455 INFO [stderr]     |                                       |
Dec 02 00:43:20.455 INFO [stderr]     |                                       expected &str, found struct `std::string::String`
Dec 02 00:43:20.455 INFO [stderr]     |                                       help: consider borrowing here: `&"1 - 2".to_string()`
Dec 02 00:43:20.455 INFO [stderr]     |
Dec 02 00:43:20.456 INFO [stderr]     = note: expected type `&str`
Dec 02 00:43:20.456 INFO [stderr]                found type `std::string::String`
Dec 02 00:43:20.456 INFO [stderr] 
Dec 02 00:43:20.456 INFO [stderr] error[E0308]: mismatched types
Dec 02 00:43:20.456 INFO [stderr]    --> src/parser.rs:253:39
Dec 02 00:43:20.456 INFO [stderr]     |
Dec 02 00:43:20.456 INFO [stderr] 253 |             parse(::scanner::tokenize("1 ^ 2".to_string())),
Dec 02 00:43:20.456 INFO [stderr]     |                                       ^^^^^^^^^^^^^^^^^^^
Dec 02 00:43:20.456 INFO [stderr]     |                                       |
Dec 02 00:43:20.456 INFO [stderr]     |                                       expected &str, found struct `std::string::String`
Dec 02 00:43:20.456 INFO [stderr]     |                                       help: consider borrowing here: `&"1 ^ 2".to_string()`
Dec 02 00:43:20.456 INFO [stderr]     |
Dec 02 00:43:20.456 INFO [stderr]     = note: expected type `&str`
Dec 02 00:43:20.456 INFO [stderr]                found type `std::string::String`
Dec 02 00:43:20.456 INFO [stderr] 
Dec 02 00:43:20.456 INFO [stderr] error[E0308]: mismatched types
Dec 02 00:43:20.456 INFO [stderr]    --> src/parser.rs:265:39
Dec 02 00:43:20.456 INFO [stderr]     |
Dec 02 00:43:20.456 INFO [stderr] 265 |             parse(::scanner::tokenize("(1)".to_string())),
Dec 02 00:43:20.456 INFO [stderr]     |                                       ^^^^^^^^^^^^^^^^^
Dec 02 00:43:20.456 INFO [stderr]     |                                       |
Dec 02 00:43:20.456 INFO [stderr]     |                                       expected &str, found struct `std::string::String`
Dec 02 00:43:20.456 INFO [stderr]     |                                       help: consider borrowing here: `&"(1)".to_string()`
Dec 02 00:43:20.456 INFO [stderr]     |
Dec 02 00:43:20.456 INFO [stderr]     = note: expected type `&str`
Dec 02 00:43:20.456 INFO [stderr]                found type `std::string::String`
Dec 02 00:43:20.456 INFO [stderr] 
Dec 02 00:43:20.456 INFO [stderr] error[E0308]: mismatched types
Dec 02 00:43:20.456 INFO [stderr]    --> src/parser.rs:273:39
Dec 02 00:43:20.456 INFO [stderr]     |
Dec 02 00:43:20.456 INFO [stderr] 273 |             parse(::scanner::tokenize("(1) + (2)".to_string())),
Dec 02 00:43:20.456 INFO [stderr]     |                                       ^^^^^^^^^^^^^^^^^^^^^^^
Dec 02 00:43:20.456 INFO [stderr]     |                                       |
Dec 02 00:43:20.456 INFO [stderr]     |                                       expected &str, found struct `std::string::String`
Dec 02 00:43:20.456 INFO [stderr]     |                                       help: consider borrowing here: `&"(1) + (2)".to_string()`
Dec 02 00:43:20.456 INFO [stderr]     |
Dec 02 00:43:20.456 INFO [stderr]     = note: expected type `&str`
Dec 02 00:43:20.456 INFO [stderr]                found type `std::string::String`
Dec 02 00:43:20.456 INFO [stderr] 
Dec 02 00:43:20.457 INFO [stderr] error[E0308]: mismatched types
Dec 02 00:43:20.457 INFO [stderr]    --> src/parser.rs:285:39
Dec 02 00:43:20.457 INFO [stderr]     |
Dec 02 00:43:20.457 INFO [stderr] 285 |             parse(::scanner::tokenize("1 + 2 * 3".to_string())),
Dec 02 00:43:20.457 INFO [stderr]     |                                       ^^^^^^^^^^^^^^^^^^^^^^^
Dec 02 00:43:20.457 INFO [stderr]     |                                       |
Dec 02 00:43:20.457 INFO [stderr]     |                                       expected &str, found struct `std::string::String`
Dec 02 00:43:20.457 INFO [stderr]     |                                       help: consider borrowing here: `&"1 + 2 * 3".to_string()`
Dec 02 00:43:20.457 INFO [stderr]     |
Dec 02 00:43:20.457 INFO [stderr]     = note: expected type `&str`
Dec 02 00:43:20.457 INFO [stderr]                found type `std::string::String`
Dec 02 00:43:20.457 INFO [stderr] 
Dec 02 00:43:20.457 INFO [stderr] error[E0308]: mismatched types
Dec 02 00:43:20.457 INFO [stderr]    --> src/parser.rs:298:39
Dec 02 00:43:20.457 INFO [stderr]     |
Dec 02 00:43:20.457 INFO [stderr] 298 |             parse(::scanner::tokenize("1 * 2 + 3".to_string())),
Dec 02 00:43:20.457 INFO [stderr]     |                                       ^^^^^^^^^^^^^^^^^^^^^^^
Dec 02 00:43:20.457 INFO [stderr]     |                                       |
Dec 02 00:43:20.457 INFO [stderr]     |                                       expected &str, found struct `std::string::String`
Dec 02 00:43:20.457 INFO [stderr]     |                                       help: consider borrowing here: `&"1 * 2 + 3".to_string()`
Dec 02 00:43:20.457 INFO [stderr]     |
Dec 02 00:43:20.457 INFO [stderr]     = note: expected type `&str`
Dec 02 00:43:20.457 INFO [stderr]                found type `std::string::String`
Dec 02 00:43:20.457 INFO [stderr] 
Dec 02 00:43:20.466 INFO [stderr] error[E0308]: mismatched types
Dec 02 00:43:20.466 INFO [stderr]   --> src/scanner.rs:77:39
Dec 02 00:43:20.466 INFO [stderr]    |
Dec 02 00:43:20.467 INFO [stderr] 77 |                   let tokens = tokenize($match_values.to_string());
Dec 02 00:43:20.467 INFO [stderr]    |                                         ^^^^^^^^^^^^^^^^^^^^^^^^^
Dec 02 00:43:20.467 INFO [stderr]    |                                         |
Dec 02 00:43:20.467 INFO [stderr]    |                                         expected &str, found struct `std::string::String`
Dec 02 00:43:20.467 INFO [stderr]    |                                         help: consider borrowing here: `&$match_values.to_string()`
Dec 02 00:43:20.467 INFO [stderr] ...
Dec 02 00:43:20.467 INFO [stderr] 93 | /     test_tokenizer!(
Dec 02 00:43:20.467 INFO [stderr] 94 | |         number,
Dec 02 00:43:20.467 INFO [stderr] 95 | |         "2",
Dec 02 00:43:20.467 INFO [stderr] 96 | |         Token::Number(_),
Dec 02 00:43:20.467 INFO [stderr] 97 | |         "Tokenizer does not recognize numbers"
Dec 02 00:43:20.467 INFO [stderr] 98 | |     );
Dec 02 00:43:20.467 INFO [stderr]    | |______- in this macro invocation
Dec 02 00:43:20.470 INFO [stderr]    |
Dec 02 00:43:20.470 INFO [stderr]    = note: expected type `&str`
Dec 02 00:43:20.470 INFO [stderr]               found type `std::string::String`
Dec 02 00:43:20.470 INFO [stderr] 
Dec 02 00:43:20.470 INFO [stderr] error[E0308]: mismatched types
Dec 02 00:43:20.470 INFO [stderr]    --> src/scanner.rs:77:39
Dec 02 00:43:20.471 INFO [stderr]     |
Dec 02 00:43:20.471 INFO [stderr] 77  |                   let tokens = tokenize($match_values.to_string());
Dec 02 00:43:20.471 INFO [stderr]     |                                         ^^^^^^^^^^^^^^^^^^^^^^^^^
Dec 02 00:43:20.471 INFO [stderr]     |                                         |
Dec 02 00:43:20.472 INFO [stderr]     |                                         expected &str, found struct `std::string::String`
Dec 02 00:43:20.472 INFO [stderr]     |                                         help: consider borrowing here: `&$match_values.to_string()`
Dec 02 00:43:20.472 INFO [stderr] ...
Dec 02 00:43:20.472 INFO [stderr] 99  | /     test_tokenizer!(
Dec 02 00:43:20.472 INFO [stderr] 100 | |         lpar,
Dec 02 00:43:20.472 INFO [stderr] 101 | |         "(",
Dec 02 00:43:20.472 INFO [stderr] 102 | |         Token::LeftPar,
Dec 02 00:43:20.472 INFO [stderr] 103 | |         "Tokenizer does not recognize '('"
Dec 02 00:43:20.472 INFO [stderr] 104 | |     );
Dec 02 00:43:20.472 INFO [stderr]     | |______- in this macro invocation
Dec 02 00:43:20.474 INFO [stderr]     |
Dec 02 00:43:20.474 INFO [stderr]     = note: expected type `&str`
Dec 02 00:43:20.474 INFO [stderr]                found type `std::string::String`
Dec 02 00:43:20.474 INFO [stderr] 
Dec 02 00:43:20.475 INFO [stderr] error[E0308]: mismatched types
Dec 02 00:43:20.475 INFO [stderr]    --> src/scanner.rs:77:39
Dec 02 00:43:20.475 INFO [stderr]     |
Dec 02 00:43:20.475 INFO [stderr] 77  |                   let tokens = tokenize($match_values.to_string());
Dec 02 00:43:20.475 INFO [stderr]     |                                         ^^^^^^^^^^^^^^^^^^^^^^^^^
Dec 02 00:43:20.476 INFO [stderr]     |                                         |
Dec 02 00:43:20.476 INFO [stderr]     |                                         expected &str, found struct `std::string::String`
Dec 02 00:43:20.476 INFO [stderr]     |                                         help: consider borrowing here: `&$match_values.to_string()`
Dec 02 00:43:20.476 INFO [stderr] ...
Dec 02 00:43:20.476 INFO [stderr] 105 | /     test_tokenizer!(
Dec 02 00:43:20.476 INFO [stderr] 106 | |         rpar,
Dec 02 00:43:20.476 INFO [stderr] 107 | |         ")",
Dec 02 00:43:20.476 INFO [stderr] 108 | |         Token::RightPar,
Dec 02 00:43:20.476 INFO [stderr] 109 | |         "Tokenizer does not recognize ')'"
Dec 02 00:43:20.476 INFO [stderr] 110 | |     );
Dec 02 00:43:20.476 INFO [stderr]     | |______- in this macro invocation
Dec 02 00:43:20.478 INFO [stderr]     |
Dec 02 00:43:20.478 INFO [stderr]     = note: expected type `&str`
Dec 02 00:43:20.478 INFO [stderr]                found type `std::string::String`
Dec 02 00:43:20.478 INFO [stderr] 
Dec 02 00:43:20.479 INFO [stderr] error[E0308]: mismatched types
Dec 02 00:43:20.479 INFO [stderr]    --> src/scanner.rs:77:39
Dec 02 00:43:20.479 INFO [stderr]     |
Dec 02 00:43:20.480 INFO [stderr] 77  |                   let tokens = tokenize($match_values.to_string());
Dec 02 00:43:20.480 INFO [stderr]     |                                         ^^^^^^^^^^^^^^^^^^^^^^^^^
Dec 02 00:43:20.480 INFO [stderr]     |                                         |
Dec 02 00:43:20.480 INFO [stderr]     |                                         expected &str, found struct `std::string::String`
Dec 02 00:43:20.480 INFO [stderr]     |                                         help: consider borrowing here: `&$match_values.to_string()`
Dec 02 00:43:20.480 INFO [stderr] ...
Dec 02 00:43:20.480 INFO [stderr] 111 | /     test_tokenizer!(
Dec 02 00:43:20.483 INFO [stderr] 112 | |         operator,
Dec 02 00:43:20.483 INFO [stderr] 113 | |         "+-*/^",
Dec 02 00:43:20.483 INFO [stderr] 114 | |         Token::Operator(_),
Dec 02 00:43:20.483 INFO [stderr] 115 | |         "Tokenizer does not recognize operators"
Dec 02 00:43:20.483 INFO [stderr] 116 | |     );
Dec 02 00:43:20.483 INFO [stderr]     | |______- in this macro invocation
Dec 02 00:43:20.483 INFO [stderr]     |
Dec 02 00:43:20.483 INFO [stderr]     = note: expected type `&str`
Dec 02 00:43:20.483 INFO [stderr]                found type `std::string::String`
Dec 02 00:43:20.483 INFO [stderr] 
Dec 02 00:43:20.483 INFO [stderr] error[E0308]: mismatched types
Dec 02 00:43:20.484 INFO [stderr]    --> src/scanner.rs:77:39
Dec 02 00:43:20.484 INFO [stderr]     |
Dec 02 00:43:20.484 INFO [stderr] 77  |                   let tokens = tokenize($match_values.to_string());
Dec 02 00:43:20.484 INFO [stderr]     |                                         ^^^^^^^^^^^^^^^^^^^^^^^^^
Dec 02 00:43:20.485 INFO [stderr]     |                                         |
Dec 02 00:43:20.485 INFO [stderr]     |                                         expected &str, found struct `std::string::String`
Dec 02 00:43:20.485 INFO [stderr]     |                                         help: consider borrowing here: `&$match_values.to_string()`
Dec 02 00:43:20.485 INFO [stderr] ...
Dec 02 00:43:20.486 INFO [stderr] 117 | /     test_tokenizer!(
Dec 02 00:43:20.486 INFO [stderr] 118 | |         comma,
Dec 02 00:43:20.486 INFO [stderr] 119 | |         ",",
Dec 02 00:43:20.486 INFO [stderr] 120 | |         Token::Comma,
Dec 02 00:43:20.486 INFO [stderr] 121 | |         "Tokenizer does not recognize comma."
Dec 02 00:43:20.486 INFO [stderr] 122 | |     );
Dec 02 00:43:20.486 INFO [stderr]     | |______- in this macro invocation
Dec 02 00:43:20.486 INFO [stderr]     |
Dec 02 00:43:20.487 INFO [stderr]     = note: expected type `&str`
Dec 02 00:43:20.487 INFO [stderr]                found type `std::string::String`
Dec 02 00:43:20.487 INFO [stderr] 
Dec 02 00:43:20.488 INFO [stderr] error[E0308]: mismatched types
Dec 02 00:43:20.488 INFO [stderr]    --> src/scanner.rs:77:39
Dec 02 00:43:20.488 INFO [stderr]     |
Dec 02 00:43:20.488 INFO [stderr] 77  |                   let tokens = tokenize($match_values.to_string());
Dec 02 00:43:20.488 INFO [stderr]     |                                         ^^^^^^^^^^^^^^^^^^^^^^^^^
Dec 02 00:43:20.489 INFO [stderr]     |                                         |
Dec 02 00:43:20.489 INFO [stderr]     |                                         expected &str, found struct `std::string::String`
Dec 02 00:43:20.489 INFO [stderr]     |                                         help: consider borrowing here: `&$match_values.to_string()`
Dec 02 00:43:20.489 INFO [stderr] ...
Dec 02 00:43:20.489 INFO [stderr] 123 | /     test_tokenizer!(
Dec 02 00:43:20.489 INFO [stderr] 124 | |         external,
Dec 02 00:43:20.489 INFO [stderr] 125 | |         "sin(",
Dec 02 00:43:20.489 INFO [stderr] 126 | |         Token::External(_),
Dec 02 00:43:20.489 INFO [stderr] 127 | |         "Tokenizer does not recognize externals."
Dec 02 00:43:20.489 INFO [stderr] 128 | |     );
Dec 02 00:43:20.489 INFO [stderr]     | |______- in this macro invocation
Dec 02 00:43:20.489 INFO [stderr]     |
Dec 02 00:43:20.489 INFO [stderr]     = note: expected type `&str`
Dec 02 00:43:20.489 INFO [stderr]                found type `std::string::String`
Dec 02 00:43:20.495 INFO [stderr] 
Dec 02 00:43:20.498 INFO [stderr] error: aborting due to 15 previous errors
Dec 02 00:43:20.498 INFO [stderr] 
Dec 02 00:43:20.498 INFO [stderr] For more information about this error, try `rustc --explain E0308`.
Dec 02 00:43:20.507 INFO [stderr] error: Could not compile `rcalc`.
Dec 02 00:43:20.507 INFO [stderr] 
Dec 02 00:43:20.507 INFO [stderr] To learn more, run the command again with --verbose.
Dec 02 00:43:20.509 INFO [stderr] su: No module specific data is present
Dec 02 00:43:21.239 INFO running `"docker" "inspect" "8c3a073802727636ae9071966c9bb5e4f04181011e954c9ba0af7f51a0e65999"`
Dec 02 00:43:21.545 INFO running `"docker" "rm" "-f" "8c3a073802727636ae9071966c9bb5e4f04181011e954c9ba0af7f51a0e65999"`
Dec 02 00:43:21.854 INFO [stdout] 8c3a073802727636ae9071966c9bb5e4f04181011e954c9ba0af7f51a0e65999
